 is divided by 62056.
538
What is the remainder when 5829840 is divided by 18049?
13
Calculate the remainder when 21067 is divided by 6661.
1084
What is the remainder when 41135896 is divided by 1788516?
28
What is the remainder when 67322 is divided by 214?
126
What is the remainder when 101057644 is divided by 83?
81
What is the remainder when 523910 is divided by 879?
26
What is the remainder when 376627 is divided by 37528?
1347
What is the remainder when 211222 is divided by 11097?
379
What is the remainder when 34644719 is divided by 7158?
7157
What is the remainder when 92057858 is divided by 9?
8
Calculate the remainder when 147650 is divided by 2112.
1922
Calculate the remainder when 1485783 is divided by 1589.
68
What is the remainder when 465355 is divided by 181?
4
Calculate the remainder when 116486 is divided by 4358.
3178
What is the remainder when 1704101 is divided by 340801?
96
What is the remainder when 227547 is divided by 14201?
331
Calculate the remainder when 1810 is divided by 890.
30
Calculate the remainder when 129491 is divided by 8091.
35
What is the remainder when 28069648 is divided by 5952?
16
What is the remainder when 1278517 is divided by 310?
77
Calculate the remainder when 464947 is divided by 2886.
301
Calculate the remainder when 24810661 is divided by 53.
36
Calculate the remainder when 515513 is divided by 668.
485
What is the remainder when 54257 is divided by 723?
32
What is the remainder when 68483 is divided by 34194?
95
Calculate the remainder when 944514 is divided by 39354.
18
What is the remainder when 188367 is divided by 37666?
37
Calculate the remainder when 3973073 is divided by 17502.
119
What is the remainder when 137626 is divided by 19655?
41
What is the remainder when 180935 is divided by 11305?
55
Calculate the remainder when 1661638 is divided by 41.
31
What is the remainder when 245327 is divided by 9808?
127
Calculate the remainder when 122674 is divided by 2152.
10
Calculate the remainder when 2433553 is divided by 1101.
343
What is the remainder when 314572 is divided by 328?
20
What is the remainder when 7940636 is divided by 18?
8
What is the remainder when 545488 is divided by 6387?
2593
What is the remainder when 6495658 is divided by 27641?
23
Calculate the remainder when 49901 is divided by 22463.
4975
Calculate the remainder when 1617610 is divided by 1231.
76
Calculate the remainder when 269881 is divided by 2502.
2167
Calculate the remainder when 196567 is divided by 920.
607
Calculate the remainder when 199218 is divided by 2288.
162
Calculate the remainder when 533508 is divided by 15243.
3
Calculate the remainder when 67128 is divided by 22255.
363
What is the remainder when 2607710 is divided by 87?
59
Calculate the remainder when 27718 is divided by 12725.
2268
What is the remainder when 428894423 is divided by 1677?
1673
What is the remainder when 25701422 is divided by 6425353?
10
What is the remainder when 759752 is divided by 132?
92
What is the remainder when 809412 is divided by 46?
42
What is the remainder when 28735 is divided by 179?
95
Calculate the remainder when 37076624 is divided by 6352.
0
What is the remainder when 1105353 is divided by 48?
9
Calculate the remainder when 219093015 is divided by 3377.
9
Calculate the remainder when 601400 is divided by 1511.
22
What is the remainder when 6558 is divided by 136?
30
What is the remainder when 803469 is divided by 267823?
0
Calculate the remainder when 144437 is divided by 47867.
836
What is the remainder when 125673 is divided by 62078?
1517
What is the remainder when 286498 is divided by 275?
223
Calculate the remainder when 172619756 is divided by 34523950.
6
Calculate the remainder when 951578 is divided by 32.
26
Calculate the remainder when 6990220 is divided by 3495100.
20
Calculate the remainder when 53354879 is divided by 90.
89
Calculate the remainder when 256565 is divided by 4105.
2055
Calculate the remainder when 710678 is divided by 508.
494
What is the remainder when 3975358 is divided by 722?
26
What is the remainder when 86360927 is divided by 678?
677
What is the remainder when 3876680 is divided by 298?
296
What is the remainder when 1851693 is divided by 2608?
13
What is the remainder when 16810140 is divided by 31015?
10
What is the remainder when 1008046 is divided by 201593?
81
Calculate the remainder when 123129841 is divided by 38.
37
Calculate the remainder when 11542829 is divided by 90.
59
Calculate the remainder when 25342889 is divided by 25.
14
What is the remainder when 196757 is divided by 88?
77
What is the remainder when 11298040 is divided by 382?
8
What is the remainder when 671324 is divided by 201?
185
Calculate the remainder when 1310432 is divided by 3315.
1007
Calculate the remainder when 127684967 is divided by 472.
471
What is the remainder when 111647 is divided by 37027?
566
Calculate the remainder when 20952 is divided by 445.
37
Calculate the remainder when 122710 is divided by 501.
466
Calculate the remainder when 85746235 is divided by 188.
187
What is the remainder when 65265 is divided by 21476?
837
What is the remainder when 25605 is divided by 24160?
1445
What is the remainder when 175703 is divided by 57865?
2108
What is the remainder when 393358 is divided by 197?
146
Calculate the remainder when 44842 is divided by 21785.
1272
Calculate the remainder when 109686038 is divided by 1243.
1232
What is the remainder when 1079254 is divided by 539622?
10
What is the remainder when 15231 is divided by 1717?
1495
Calculate the remainder when 1406052 is divided by 735.
732
Calculate the remainder when 6118829 is divided by 298.
293
Calculate the remainder when 411016965 is divided by 2917.
2914
What is the remainder when 686377 is divided by 1081?
1023
Calculate the remainder when 64243 is divided by 16011.
199
Calculate the remainder when 1625419 is divided by 115.
9
Calculate the remainder when 124074 is divided by 28489.
10118
Calculate the remainder when 42336420 is divided by 9985.
20
Calculate the remainder when 1694488309 is divided by 3566.
3561
Calculate the remainder when 799914 is divided by 1047.
6
Calculate the remainder when 86555 is divided by 329.
28
What is the remainder when 221340 is divided by 53188?
8588
What is the remainder when 30968347 is divided by 230?
227
Calculate the remainder when 144247283 is divided by 664734.
5
What is the remainder when 122833 is divided by 222?
67
What is the remainder when 1225256 is divided by 325?
6
Calculate the remainder when 11989264 is divided by 343.
42
Calculate the remainder when 225741 is divided by 222.
189
Calculate the remainder when 108422201 is divided by 19.
12
What is the remainder when 306560179 is divided by 68?
63
Calculate the remainder when 31609 is divided by 9076.
4381
What is the remainder when 3871974 is divided by 824?
822
What is the remainder when 216450 is divided by 164?
134
Calculate the remainder when 3869744 is divided by 967420.
64
What is the remainder when 292678 is divided by 32311?
1879
What is the remainder when 18343844 is divided by 1079049?
11
What is the remainder when 3893030 is divided by 324399?
242
Calculate the remainder when 3212479 is divided by 15825.
4
Calculate the remainder when 67504 is divided by 2303.
717
What is the remainder when 30597 is divided by 7646?
13
Calculate the remainder when 6271677 is divided by 6335.
27
What is the remainder when 2703810 is divided by 647?
644
Calculate the remainder when 3974947 is divided by 22.
9
Calculate the remainder when 378550057 is divided by 7.
4
What is the remainder when 1653797 is divided by 8318?
6833
Calculate the remainder when 657929 is divided by 59810.
19
What is the remainder when 81487104 is divided by 40743545?
14
What is the remainder when 54069 is divided by 4?
1
Calculate the remainder when 7103819 is divided by 136.
131
Calculate the remainder when 19146163 is divided by 13.
10
What is the remainder when 43369 is divided by 2814?
1159
What is the remainder when 42818 is divided by 8549?
73
What is the remainder when 71254064 is divided by 1082?
36
What is the remainder when 1902 is divided by 113?
94
What is the remainder when 33900 is divided by 32932?
968
What is the remainder when 33